nits digit of h(o)?
5
Let c(d) = d**3 - d**2 - 12*d + 38. Let y be c(12). Suppose 9*b - y - 2671 = 0. What is the tens digit of b?
6
Suppose -21*n + 61*n = 80. Suppose j + 2*w - 58 = 0, 3*j - 170 = 2*w - 4*w. Suppose -n*a + 74 = -j. What is the tens digit of a?
6
Suppose 7260 = -2313*y + 2317*y. What is the thousands digit of y?
1
Let x(f) = f**3 + 23*f**2 + 35*f - 53. Let n = -213 + 195. What is the hundreds digit of x(n)?
9
Suppose 6*r - 3*i + 48 = 10*r, -3*r + 19 = -2*i. Suppose -12726 = -r*a + 333. What is the units digit of a?
1
Suppose -63*g = -369370 - 17261. What is the units digit of g?
7
Let w = 21397 - 5396. What is the tens digit of w?
0
What is the hundreds digit of 362/(-543) - (1/6)/(3/(-171750))?
5
Let x(g) be the first derivative of -55*g**2/2 - 162*g + 139. What is the tens digit of x(-18)?
2
Suppose -4735 = 125*s - 127*s + 5*x, -2*x + 18 = 0. What is the hundreds digit of s?
3
Let a(g) = -g**3 - 11*g**2 - 19*g. Let p be a(-2). What is the tens digit of (0 + 1)/(p/(-2166)*-3)?
6
Let l be 0 - 5988/(-18) - (-1)/3. Suppose 8*p - l = -p. What is the tens digit of p?
3
Suppose -2*s + 75784 = 5*s + 6281. What is the tens digit of s?
2
Suppose -2*j = -4*o, 5*j - 4*o - 10 = 8. Let w be 22782/39 - j/39. What is the units digit of (w/10)/(15/(-25) - -1)?
6
Let r = -411 + 256. Let u = -52 - r. What is the tens digit of u?
0
Let a be (-5497)/(-4) - 3/12. Let q = -429 + a. What is the units digit of q?
5
Suppose -w + 78 = 3*h - 121, 593 = 3*w + 5*h. Let s = -3200 + 3273. Let p = w - s. What is the tens digit of p?
2
Suppose -52*o + 5*v = -53*o + 455, -v = -2*o + 921. Suppose 2912 = -4*j + 8*j. Let k = j - o. What is the units digit of k?
8
Let z(p) = 3*p + 10 + 2 + 4. Let o be z(-20). Let u = 92 - o. What is the units digit of u?
6
Suppose 20775 = -3*r + 24729. What is the hundreds digit of r?
3
Let v(h) = h**3 - 9*h**2 + 16*h - 11. Let y be v(7). Suppose y*p - 2*i - 2473 = 0, 2*p + 0*i - 4*i - 1662 = 0. What is the hundreds digit of p?
8
Let j = -549 - -142. Let n = 553 - j. Suppose -7*l = -l - n. What is the units digit of l?
0
Let b(g) = 482*g + 2514. What is the units digit of b(12)?
8
Suppose 1301 = 2*p - c, -4*p - 3*c = p - 3280. Let k = p - 382. What is the tens digit of k?
7
Suppose 0 = h - 4, -y - 2*h + 0*h = 5. Let t(w) = 17 - 8 + 3*w - w**3 + 0 - 12*w**2. What is the hundreds digit of t(y)?
1
Let u be (1*3)/((-15)/(-3) + -4). Suppose c = -u*x - 116, -2*c + 0*c - 84 = 2*x. Let f = 42 - x. What is the units digit of f?
9
Let s(v) = -334*v**3 + v**2 + v - 2. Let x be s(1). Let y = x + 1239. What is the units digit of y?
5
Suppose -25 = -6*s + 29. Suppose 0 = 2*o - 3 - s. What is the tens digit of 447/o - (-1)/2?
7
Let v(d) = 2*d**3 - d**2 - 3*d + 10. Let m(x) = -x**2 - x - 1. Let f(t) = m(t) + v(t). Let n be f(2). Suppose -n*u = -3*u - 552. What is the tens digit of u?
9
Suppose -316*r = -288*r - 45276. What is the units digit of r?
7
Suppose -264 = -5*y - 354. What is the tens digit of y/48 + 23894/16?
9
Let o = -14 + 15. Let p be (-15 - -23)*o/2. What is the units digit of 48 - (-2 - -3)*p?
4
What is the ten thousands digit of 13/(169/3770)*69/2?
1
What is the hundreds digit of -1*(-3)/(-18) - 1879*(-200)/48?
8
Suppose 3*u - 21809 = -13*v + 12*v, 36375 = 5*u - 5*v. What is the thousands digit of u?
7
Let j(y) = -y**3 + 19*y**2 + 24*y + 17. Let k = -158 + 177. What is the hundreds digit of j(k)?
4
Suppose 5*j + 36 - 41 = 0. What is the units digit of (-14 + 9)*-1*j?
5
Suppose -352118 - 300023 = -80*g + 361139. What is the units digit of g?
6
Suppose 0 = 3*y - 4*m - 57832, -5*y + 48213 = m - 48212. What is the hundreds digit of y?
2
Suppose d - 469 = -405. Suppose -4*f + 391 = 23. Let q = d + f. What is the units digit of q?
6
Let n be ((-579)/4)/(15/(-80)). Suppose -39*c + n = -38*c. What is the tens digit of c?
7
Let j(u) = -3*u**3 - 4*u**2 + 4*u - 2. Let c be j(2). Let n = c + 40. What is the units digit of -2*((-105)/n - 2)?
9
Let v be ((-8)/28)/((-3)/(-42)*-1). Suppose -k - 2*t = -21, -t - 79 = -v*k - 13. What is the units digit of k?
7
Suppose 0 = 4*x - 88 + 28. Let b = 19 - x. Suppose b*o + 18 - 6 = 4*s, 3 = -3*s - 3*o. What is the units digit of s?
1
Let c be (-1 - -1)/((-3 - 0) + 1). Suppose -2*d + 5*z - 14 = 0, c = -d + 2*z - 5. Suppose 3*i - d*h = 15, -i + 4*h + 4 = i. What is the units digit of i?
8
Let b(x) = 10*x - 26. Let n be b(3). What is the tens digit of ((-505)/10)/((-1)/n)?
0
Let c be 44*((-126)/(-24))/(-3). Let y = 325 + c. What is the hundreds digit of y?
2
Let o = -17 - -20. Let l be 9/o*(-2)/(-6). Let y(q) = 72*q**3 - 2*q**2 + 2*q - 1. What is the tens digit of y(l)?
7
Suppose 4*n + 3*i = 4420 + 48455, -5*i - 52867 = -4*n. Suppose -12*b = -n - 3510. What is the tens digit of b?
9
Suppose 6*o + 93 - 117 = 0. Suppose 0 = o*d - 2373 - 3067. What is the units digit of d?
0
Let w = 15543 + 763. What is the units digit of w?
6
Suppose 0 = 4*r - 16, 407*r - 16376 = -4*i + 411*r. What is the hundreds digit of i?
0
Suppose -79 = -5*n + 4*k, 0*n + 56 = 4*n - 5*k. Suppose n*f = 15*f + 1312. What is the tens digit of f?
2
Suppose 3*n - 15 = 3. Suppose 3*c + 9 = n, d + 2*c = 285. What is the tens digit of d?
8
Suppose -60*x + 181183 = 22123. What is the hundreds digit of x?
6
What is the hundreds digit of (2/(-6) - 385/33)/(24/(-40496))?
2
Let c(r) = 6*r + 21. Let y be c(-6). Let d(n) = 3*n + 6. Let a be d(y). Let u = 4 - a. What is the tens digit of u?
4
What is the units digit of (0 - 1)*19989/(-9)?
1
What is the thousands digit of (-286)/(22 - 48) - -33088?
3
Let v(x) = -18 + 2*x + 5 - 18 - 11*x + 10*x**2. What is the tens digit of v(-5)?
6
Let o be 2/((-38)/133 - (-40)/42). Suppose 0 = -25*s + o*s + 7436. What is the tens digit of s?
3
Let d(x) be the third derivative of x**4/4 - 2*x**3/3 - 18*x**2. Let i be d(4). Suppose o + i = 107. What is the tens digit of o?
8
Suppose 31*u = 21 + 40155. What is the tens digit of u?
9
Suppose 5*z = 4*l + 27901, -2*z - 338*l = -342*l - 11170. What is the hundreds digit of z?
5
Let f = 5794 - -1212. Suppose 5*b - 8092 = 3*g + 671, -2*g = 4*b - f. What is the hundreds digit of b?
7
Let w(z) = 368*z - 3104. What is the tens digit of w(43)?
2
Suppose 0 = -3*q - 4*n + 3941, -5*q + 4*n = 7*n - 6561. Let v = -660 + q. What is the hundreds digit of v?
6
Suppose -291*r = -284*r - 6174. Let d = r - 598. What is the tens digit of d?
8
Let c be 42/(-4)*(-5 - 119/(-21)). Let w(n) = n**3 + 13*n**2 - 4*n - 21. What is the units digit of w(c)?
1
Suppose -2*v - 2*g + 33276 = 0, -389*v + 3*g = -385*v - 66594. What is the units digit of v?
4
Let y be ((-17)/((-765)/(-18)))/(2/(-60)). Suppose 4*p = -y*p + 160. Suppose p*x = 14*x - 156. What is the tens digit of x?
3
Let l(j) = -j**3 + 7*j**2 - 2*j - 24. Let d be l(6). Suppose d = -2*k - 4*q - 10, 7*k - 9*k - 1 = q. What is the units digit of k?
1
Let v(t) = -6*t + 1. Let b be v(-1). Let w(g) = 5 - 2 + 3 + 7 + 8*g + 2. What is the units digit of w(b)?
1
Let g(y) = 2*y. Let j be g(6). Let z(r) = -r**3 + 26*r**2 - 46*r - 40. What is the tens digit of z(j)?
2
Let q = 38054 - 22332. What is the tens digit of q?
2
Let j = 1817 - 1084. Suppose 5*t - 4973 + j = -5*c, 2*t = 5*c - 4247. What is the hundreds digit of c?
8
Suppose 0*m = -u - 2*m + 7, -4*u - 4*m + 8 = 0. Let w be (9 - -396) + 15/u. Let q = 575 - w. What is the hundreds digit of q?
1
Suppose 4*f - 2*a - 2121 - 539 = 0, 4*a = 4*f - 2664. Let z = f + -406. What is the tens digit of z?
5
Suppose -197*q + 163*q = -355164. What is the units digit of q?
6
Let r be 5 + (-35)/(-14) + 153/(-6). What is the units digit of -16*(-2 + 297/r)?
6
Let y(m) = -m**3 - 2*m**2 + 2*m - 18. Let n be y(-11). Let c = n - 630. What is the units digit of c?
9
Let v(w) = w**3 + 26*w**2 + 52*w + 98. Let b be v(-24). Suppose -472 = -b*c - m, 16*m - 468 = -2*c + 13*m. What is the units digit of c?
7
Suppose 2*q - 1 = 2*z + 7, -4*q + 21 = z. Suppose 21*y - 5*r = 18*y + 1396, q*y + 4*r = 2339. What is the units digit of y?
7
Let g(c) = -5891*c**3 - c**2 - 21*c - 21. What is the hundreds digit of g(-1)?
8
Let p be (-6 + 32/6)*-6. Suppose 747 = p*h + o, -h + 157 + 34 = -4*o. What is the tens digit of h?
8
Suppose -14701 = -19*r + 35922 + 135938. What is the units digit of r?
9
Suppose -61490 - 161250 = -35*d. What is the hu